w(g) be the first derivative of g**4/4 + g**3/3 + g**2/2 - 134. Calculate w(o).
-1
Let d(y) = -y**2 + 2*y. Let i(g) = 2*g**2 + 7*g. Let m(b) = 3*d(b) - i(b). Calculate m(-1).
-4
Let b(o) = -5*o**2 - o**2 + 3*o + 5*o**2 + 6*o - 1. Let q(c) = c**3 + 13*c**2 + 11*c - 8. Let f be q(-12). Determine b(f).
19
Let w(p) = -p - 11. Let g(q) = 1. Let v(d) = 5. Let m(b) = -4*g(b) + v(b). Let c(h) = -22*m(h) - 2*w(h). What is c(2)?
4
Let x(p) = 0*p + p - 4*p**2 + 2*p**2 - 6*p**2. Let b(a) = -a**3 - 4*a**2 + a + 5. Let j be b(-4). What is x(j)?
-7
Let m(c) = c**3 - 7*c**2 - 7*c + 1. Let s(v) = 7*v**3 - v**2 - 4*v + 6. Let f be s(1). Determine m(f).
9
Let f = -29 - -31. Let i(c) = f*c - 1 + 7*c**2 - c - c**2. Determine i(1).
6
Let g(j) = -j**2 + 4*j + 2. Let v = -64 + 21. Let m = 48 + v. What is g(m)?
-3
Suppose -4 = -u - 2. Let d(m) = 3*m - u + m - m**2 + m. What is d(2)?
4
Let f(g) = 3*g**2 - 4*g - 1. Let w = 41 + -38. Give f(w).
14
Let i(f) = -2*f**2 - f - 2. Let g(p) = -3*p**2 + 7*p - 13. Let o(u) = g(u) - 2*i(u). What is o(-11)?
13
Let x(o) = 1 + 10*o - 6 - 4*o. Let s(g) = 7*g - 4. Let v(j) = 4*s(j) - 5*x(j). Give v(6).
-3
Let u(r) = r + 2. Suppose -14*l + 24 = -18*l. Calculate u(l).
-4
Let f(n) = -3*n**2 + 8*n + 2. Let y(p) = 4*p**2 - 9*p - 3. Let h(o) = -3*f(o) - 2*y(o). Let d(q) = -161*q - 961. Let v be d(-6). Determine h(v).
-5
Let k(f) = 14*f - 1. Let x be k(1). Suppose -4*i + 7 = -x. Suppose 2*r - i*t + 7 = 0, -3*t - 22 = 3*r + t. Let d(n) = -2*n - 5. Give d(r).
7
Let x(l) = -2*l**2 - 2*l - 18. Let v(h) be the third derivative of h**5/60 + h**4/24 + 17*h**3/6 - 2*h**2 + 7. Let p(y) = -3*v(y) - 2*x(y). What is p(0)?
-15
Let c = 12 + -3. Let v(u) = -1 - u**3 - 5*u + c*u - 3*u**2 + 6. Let f(k) = k**3 + 4*k**2 + 3*k - 4. Let y be f(-3). What is v(y)?
5
Suppose 10 = -d + 14, 0 = -3*x - 5*d + 23. Let j(b) = -19*b + 1. Calculate j(x).
-18
Let c = -920 + 1290. Let i(l) = -2*l + l + 369 - c. Calculate i(1).
-2
Let g(z) = -2*z + 2. Suppose -11*s + 3*s + 8 = 0. Let u be (-15 - -16)*(s + 3). Calculate g(u).
-6
Let n(m) = -m**2 + 11*m - 1. Let v = 481 - 471. What is n(v)?
9
Suppose 0 = 4*p - 5*y + 12, -8 = -5*p - 5*y + 22. Let v(x) = 1 + 3 + x - p*x. Let k(t) = t**3 - 20*t**2 + 38*t - 31. Let m be k(18). Determine v(m).
-1
Suppose 6*d + 3*d - 18 = 0. Let i(j) = -100*j**2 + 96*j**d - 1 - 4 + j**3. Determine i(5).
20
Let b(o) = 3*o**2 - 1. Let j(r) = r**2 - 8*r - 10. Let h be j(9). Let f be b(h). Let a(d) = 2*d**3 + 0*d**2 - 2*d**2 - d + 0*d**2 + 2*d + 2. Calculate a(f).
12
Let c(y) be the second derivative of 0 - 1/2*y**2 - 2*y - 1/6*y**3 - 1/24*y**4. Let u(t) be the first derivative of c(t). Calculate u(-5).
4
Let z(s) be the first derivative of s**2 + 2*s - 23. Suppose 22*x = 21*x - 2. Give z(x).
-2
Suppose 5381 = 6*u - 19075. Let g(h) = h**3 + h**2 - u*h + 20 + 4076*h. What is g(0)?
20
Let n(w) be the third derivative of 0*w - 2/15*w**5 - 5/24*w**4 + 36*w**2 + 1/2*w**3 + 0 - 1/120*w**6. Determine n(-7).
-11
Let r(w) = -w**2 + 1. Let d(b) = 5*b**2 + 3*b + 2. Let f(y) = 11*y**2 + 7*y + 5. Let g(j) = -5*d(j) + 2*f(j). Let z(u) = -g(u) - r(u). What is z(-2)?
13
Let p(q) be the second derivative of -q**4/12 - 25*q**3/6 + 27*q**2/2 - 28*q + 6. Calculate p(-26).
1
Let c(a) = -3*a + 1. Let x = 10 - 5. Suppose 3*h = x*w + 31, 5*h - w = 4*h + 7. Let s be (-13 - (-6)/h)/(-2). Calculate c(s).
-14
Let y(h) = 2*h**2 + 10*h. Let g be y(-5). Let i be g + 2/1 + -5. Let c(o) = -o**3 - 3*o**2 - 2*o - 4. Determine c(i).
2
Let v be 74/5 + (-10)/(-50). Let k be (0 + -4)/(v/15). Let u(x) be the first derivative of 2*x**2 + 5*x + 2. Calculate u(k).
-11
Let r be 2 + 1 + -3 + 2. Let o = -1 - -4. Let b(d) = 85*d + 4*d**r - 3*d**3 + 2*d**o - 87*d. What is b(3)?
3
Let a(l) = 8*l. Let p be a(-1). Let j(t) = -187*t - 181*t - 185*t + 4 + 545*t - t**2. Calculate j(p).
4
Suppose 2*m - 30 = 4*y, -3*y - 2*m = -2*y - 5. Let c(h) = -2*h + 3. Let b(v) = 3*v - 10. Let r(q) = b(q) + 2*c(q). Calculate r(y).
1
Let m(s) = 3*s**3 - 14*s**2 - s + 12. Let z(t) = t**3 - 3*t**2 + 1. Let w(x) = m(x) - 4*z(x). Calculate w(0).
8
Let i = -9 - -3. Let q(n) = 22*n**3 + 20*n**2 - 11*n + 12. Let j(a) = -5*a**3 - 5*a**2 + 3*a - 3. Let p(b) = -9*j(b) - 2*q(b). What is p(i)?
-3
Let p(a) = -2 - 1 - a + 1 - a. Suppose 5*s + 17 - 3 = 2*m, -s + 4*m = 10. What is p(s)?
2
Let t(z) be the second derivative of -z**3/3 - z**2/2 + 2*z. Let i(j) = -7 - j**2 - 2*j**2 + 18*j + 3 + 0*j**2. Let c be i(6). Determine t(c).
7
Let h(w) = -2*w**3 - 4*w**2 + 2*w. Let c(y) = 4*y**3 + 8*y**2 - 3*y. Let q(j) = -3*c(j) - 5*h(j). What is q(-3)?
21
Let m(d) = -7*d**2 - 2*d - 1. Let l = 79 - 74. Suppose -2*h + 2*x - 3 - l = 0, 0 = 5*h + 5*x - 10. Give m(h).
-6
Let n = -248 + 239. Let j(o) = o**2 + 7*o + 5. Determine j(n).
23
Let j(t) = -t - 13. Suppose -5*z + 4*v + 19 - 5 = 0, -4*z + 4*v + 8 = 0. Determine j(z).
-19
Let x be -10*(-3 - 10/(-4)). Suppose -5*n + 2*n + x*p + 3 = 0, -3*n - 2*p + 3 = 0. Let d(w) = 4*w**3 + 2*w**2 - w. Determine d(n).
5
Let s(t) = 2*t - 14. Let r be (-1 - (0 + -2))*11. Let z be s(r). Let x = -10 + z. Let i(k) = 2*k**2 - 3*k - 2. Calculate i(x).
12
Suppose 3*f - 33 = -3*z, -3*z + 4*f = 2*z - 46. Let w be (z + -3 + -2)*1. Let g(a) = 2 + a - 5*a**2 - a**2 + w*a**2. Give g(2).
0
Let n(x) = 2*x**2 - x + 1. Let f(k) = -23*k**3 + 10*k**2 - 4*k + 3. Let a(u) = -f(u) + 4*n(u). Give a(1).
22
Let n(s) be the third derivative of s**6/120 + 7*s**5/60 - s**4/24 + 5*s**3/6 + 236*s**2. Give n(-7).
12
Let s be (-2)/(-8)*8/1. Let j(r) = 5*r**s - 6*r**3 + 0*r + r + 5*r**3 + 2 - 1. Let p be (-5)/(-3 - -1 - -1). Give j(p).
6
Let z(k) = k - 6. Let d(b) be the second derivative of b**4/12 + b**3 + 13*b**2/2 - 21*b. Let i be d(-4). What is z(i)?
-1
Let l(i) = 6*i + 1. Let a(b) = -b. Let w(v) = -2*a(v) + l(v). Let t = -3 - -6. Let d be -1 + t + 12/(-4). What is w(d)?
-7
Let h(c) be the third derivative of -c**4/8 - c**3/2 + 90*c**2. What is h(4)?
-15
Let u(i) be the first derivative of 11*i**2/2 - 5*i - 276. Let k(y) = -21*y + 9. Suppose 0 = p - 4 - 3. Let h(s) = p*u(s) + 4*k(s). Determine h(-1).
8
Suppose h = 3*c - 63 + 11, -56 = -4*c - 2*h. Let f = -15 + c. Let y(k) = -22*k**2 + 1. Give y(f).
-21
Suppose 4*o + 3*n = 112, 3*n + n - 116 = -4*o. Suppose o*c - 19*c = 0. Let z(p) = p + 7. Calculate z(c).
7
Let s = -1198 - -1194. Suppose -5*w = 4*v - 0 + 2, v - 8 = 3*w. Let l(a) = 2*a**2 + 0*a**v - 4 - a**2. Give l(s).
12
Let m(p) = 5 + 47*p - 52*p - 14. Give m(-5).
16
Let x(h) = h**2 - h - 3. Let o(i) = -24*i**3 - 4*i**2 + 4*i + 15. Let d(b) = o(b) + 5*x(b). What is d(1)?
-24
Suppose 0 = 3*w + 5*k + 49 - 15, 3*k + 6 = 0. Let n(h) = -3*h + 9*h**2 + h**3 + 5*h - 15 + 6*h + 6. Determine n(w).
-9
Suppose 5*c - 10 - 15 = -3*y, c - 18 = 2*y. Let p(i) be the second derivative of -i**5/20 + 3*i**4/4 - 3*i**3/2 - i**2/2 - 2*i. Determine p(c).
-9
Let i(p) be the first derivative of -5*p**2 - 12 - p + 8 + 17. Determine i(-1).
9
Let w(l) = 2*l**2 + 4*l + 3. Let a(h) = h**2 + h + 1. Let f(o) = 5*a(o) - w(o). Let u = 17391 - 17393. What is f(u)?
12
Let m(u) = u + 1. Suppose 469 = -4*i + 4*p - 55, i + 143 = -5*p. Let l = i - -138. Give m(l).
6
Let o(j) = -j + 1. Let n be o(-4). Let k(s) = s**2 - 2*s + 2. Calculate k(n).
17
Suppose -4*r - 4*q - 140 = 0, 5*r + 4*q + 171 = -0*q. Let c = 26 + r. Let n(t) = -t - 5. Calculate n(c).
0
Let k(n) = 1. Let v(o) = o**2 - 6*o - 8. Let b = -28 + 27. Let w(g) = b*v(g) - 3*k(g). Determine w(6).
5
Let j(m) be the third derivative of m**6/120 + 2*m**5/15 + 5*m**4/24 - m**3 + 10*m**2 - 5. Give j(-7).
8
Let w be (-4)/6*60/(-8). Let o(y) = -5*y + 4*y - 2*y**2 + w*y**2 + 2 + y**3. Let j be 2 - 1 - 12/3. What is o(j)?
5
Suppose -53 + 123 = 7*i. Let o(x) = x**2 - 13*x + 6. Determine o(i).
-24
Suppose 2*q - 5*p - 1 = 0, -4*p = -5*q + q + 20. Let c(m) = 11*m**2 - m**2 - 7*m + q*m + 9*m**2. Give c(1).
20
Let m = 10 - 8. Let u(a) = 6*a - 11 - 11 - 7 + 28. Determine u(m).
11
Let l(t) = -8*t + 3. Suppose -7*f = f - 40. Give l(f).
-37
Let k(m) = -m**3 - 6*m**2 - 4*m + 3. Let q be k(-5). Let n(l) be the first derivative of l**2/2 + l + 590. What is n(q)?
-1
Let z(i) = -i**2 - 10*i + 3. Let n = -16 + 19. Let m be -2 + -10 + n + 2. What is z(m)?
24
Let j(o) = 13*o - 5*o - 7 + 6*o - 12*o. Calculate j(0).
-7
Let j(d) be the first derivative